{"id":361,"date":"2019-04-23T15:41:54","date_gmt":"2019-04-23T12:41:54","guid":{"rendered":"http:\/\/localhost\/wptr\/?page_id=361"},"modified":"2019-04-24T10:16:11","modified_gmt":"2019-04-24T07:16:11","slug":"montaj","status":"publish","type":"page","link":"https:\/\/gemsaluminyum.com\/?page_id=361","title":{"rendered":"Montaj"},"content":{"rendered":"\n<p> Gems\u00ae Al\u00fcminyum m\u00fc\u015fteri taleplerine uygun \u00e7e\u015fitli paketleme \u00e7\u00f6z\u00fcmleri sunmaktad\u0131r. \u2022 De\u011fi\u015fik tipte ve boylardaki profilleri seri paketleme. \u2022 Otomatik tek tek paketleme. \u2022 M\u00fc\u015fteri talebi \u00fczerine \u00f6zel \u00f6l\u00e7\u00fclerde kutulama. \u2022 \u00dcr\u00fcnlere shrink ambalaj uygulamas\u0131. \u2022 M\u00fc\u015fteri taleplerine uygun \u00f6zel etiketleme ve barkodlama. \u2022 Plastik ask\u0131, \u00e7ift tara\ufb02\u0131 bant veya herhangi bir plastik aksesuar montaj\u0131. \u2022 Bitmi\u015f \u00fcr\u00fcne harici aksesuarlar\u0131n montaj\u0131. <\/p>\n\n\n\n<figure class=\"wp-block-image\"><img loading=\"lazy\" decoding=\"async\" width=\"815\" height=\"466\" src=\"http:\/\/localhost\/wptr\/wp-content\/uploads\/2019\/04\/ALUMINUM-PROFILE-PACKING-MACHINE.jpg\" alt=\"\" class=\"wp-image-419\" srcset=\"https:\/\/gemsaluminyum.com\/wp-content\/uploads\/2019\/04\/ALUMINUM-PROFILE-PACKING-MACHINE.jpg 815w, https:\/\/gemsaluminyum.com\/wp-content\/uploads\/2019\/04\/ALUMINUM-PROFILE-PACKING-MACHINE-600x343.jpg 600w, https:\/\/gemsaluminyum.com\/wp-content\/uploads\/2019\/04\/ALUMINUM-PROFILE-PACKING-MACHINE-300x172.jpg 300w, https:\/\/gemsaluminyum.com\/wp-content\/uploads\/2019\/04\/ALUMINUM-PROFILE-PACKING-MACHINE-768x439.jpg 768w\" sizes=\"(max-width: 815px) 100vw, 815px\" \/><\/figure>\n","protected":false},"excerpt":{"rendered":"<p>Gems\u00ae Al\u00fcminyum m\u00fc\u015fteri taleplerine uygun \u00e7e\u015fitli paketleme \u00e7\u00f6z\u00fcmleri sunmaktad\u0131r. \u2022 De\u011fi\u015fik tipte ve boylardaki profilleri seri paketleme. \u2022 Otomatik tek tek paketleme. \u2022 M\u00fc\u015fteri talebi \u00fczerine \u00f6zel \u00f6l\u00e7\u00fclerde kutulama. \u2022 \u00dcr\u00fcnlere shrink ambalaj uygulamas\u0131. \u2022 M\u00fc\u015fteri taleplerine uygun \u00f6zel etiketleme ve barkodlama. \u2022 Plastik ask\u0131, \u00e7ift tara\ufb02\u0131 bant veya herhangi bir plastik aksesuar montaj\u0131. \u2022 [&hellip;]<\/p>\n","protected":false},"author":1,"featured_media":0,"parent":0,"menu_order":0,"comment_status":"closed","ping_status":"closed","template":"","meta":{"_mi_skip_tracking":false,"_exactmetrics_sitenote_active":false,"_exactmetrics_sitenote_note":"","_exactmetrics_sitenote_category":0,"_monsterinsights_sitenote_active":false,"_monsterinsights_sitenote_note":"","_monsterinsights_sitenote_category":0,"footnotes":""},"_links":{"self":[{"href":"https:\/\/gemsaluminyum.com\/index.php?rest_route=\/wp\/v2\/pages\/361"}],"collection":[{"href":"https:\/\/gemsaluminyum.com\/index.php?rest_route=\/wp\/v2\/pages"}],"about":[{"href":"https:\/\/gemsaluminyum.com\/index.php?rest_route=\/wp\/v2\/types\/page"}],"author":[{"embeddable":true,"href":"https:\/\/gemsaluminyum.com\/index.php?rest_route=\/wp\/v2\/users\/1"}],"replies":[{"embeddable":true,"href":"https:\/\/gemsaluminyum.com\/index.php?rest_route=%2Fwp%2Fv2%2Fcomments&post=361"}],"version-history":[{"count":2,"href":"https:\/\/gemsaluminyum.com\/index.php?rest_route=\/wp\/v2\/pages\/361\/revisions"}],"predecessor-version":[{"id":420,"href":"https:\/\/gemsaluminyum.com\/index.php?rest_route=\/wp\/v2\/pages\/361\/revisions\/420"}],"wp:attachment":[{"href":"https:\/\/gemsaluminyum.com\/index.php?rest_route=%2Fwp%2Fv2%2Fmedia&parent=361"}],"curies":[{"name":"wp","href":"https:\/\/api.w.org\/{rel}","templated":true}]}}