{"id":301,"date":"2019-04-23T15:25:08","date_gmt":"2019-04-23T12:25:08","guid":{"rendered":"http:\/\/localhost\/wptr\/?page_id=301"},"modified":"2019-04-24T15:09:31","modified_gmt":"2019-04-24T12:09:31","slug":"hizmet-alanlari","status":"publish","type":"page","link":"https:\/\/gemsaluminyum.com\/?page_id=301","title":{"rendered":"Hizmet Alanlar\u0131"},"content":{"rendered":"\n<p> Gems\u00ae Al\u00fcminyum y\u00fcksek kalitede \u00fcr\u00fcn ve servis sa\u011flayarak kendi sekt\u00f6r\u00fcnde lider markalardan biri oldu\u011funu kan\u0131tlam\u0131\u015ft\u0131r. Y\u0131ll\u0131k 3.000 ton kapasitesi ile \u00e7e\u015fitli sekt\u00f6rlere geni\u015f bir yelpazede \u00fcr\u00fcn sa\u011flamaktad\u0131r, ayr\u0131ca 12\u2019i a\u015fk\u0131n \u00fclkede alan\u0131nda \u00f6nde gelen firmalara ihracat yapmaktad\u0131r. Gems\u00ae Al\u00fcminyum; Avrupa, Amerika, Asya ve Okyanusya\u2019daki bir\u00e7ok pazar\u0131n \u00f6nemli tedarik\u00e7ilerinden biridir. En b\u00fcy\u00fck m\u00fc\u015fteri segmentlerimizi; Kap\u0131, Pencere ve, Du\u015fakabin, D\u00f6\u015feme ve Yer Profilleri, Mobilya sekt\u00f6rleri olu\u015fturmaktad\u0131r. <\/p>\n\n\n\n<div class=\"wp-block-media-text alignwide\" style=\"grid-template-columns:94% auto\"><figure class=\"wp-block-media-text__media\"><img loading=\"lazy\" decoding=\"async\" width=\"753\" height=\"500\" src=\"http:\/\/localhost\/wptr\/wp-content\/uploads\/2019\/04\/3_83fb6911b042fd4d632a9a7810eb7239.jpg\" alt=\"\" class=\"wp-image-402\" srcset=\"https:\/\/gemsaluminyum.com\/wp-content\/uploads\/2019\/04\/3_83fb6911b042fd4d632a9a7810eb7239.jpg 753w, https:\/\/gemsaluminyum.com\/wp-content\/uploads\/2019\/04\/3_83fb6911b042fd4d632a9a7810eb7239-600x398.jpg 600w, https:\/\/gemsaluminyum.com\/wp-content\/uploads\/2019\/04\/3_83fb6911b042fd4d632a9a7810eb7239-300x199.jpg 300w\" sizes=\"(max-width: 753px) 100vw, 753px\" \/><\/figure><div class=\"wp-block-media-text__content\">\n<p class=\"has-large-font-size\"><\/p>\n<\/div><\/div>\n","protected":false},"excerpt":{"rendered":"<p>Gems\u00ae Al\u00fcminyum y\u00fcksek kalitede \u00fcr\u00fcn ve servis sa\u011flayarak kendi sekt\u00f6r\u00fcnde lider markalardan biri oldu\u011funu kan\u0131tlam\u0131\u015ft\u0131r. Y\u0131ll\u0131k 3.000 ton kapasitesi ile \u00e7e\u015fitli sekt\u00f6rlere geni\u015f bir yelpazede \u00fcr\u00fcn sa\u011flamaktad\u0131r, ayr\u0131ca 12\u2019i a\u015fk\u0131n \u00fclkede alan\u0131nda \u00f6nde gelen firmalara ihracat yapmaktad\u0131r. Gems\u00ae Al\u00fcminyum; Avrupa, Amerika, Asya ve Okyanusya\u2019daki bir\u00e7ok pazar\u0131n \u00f6nemli tedarik\u00e7ilerinden biridir. En b\u00fcy\u00fck m\u00fc\u015fteri segmentlerimizi; Kap\u0131, Pencere [&hellip;]<\/p>\n","protected":false},"author":1,"featured_media":0,"parent":0,"menu_order":0,"comment_status":"closed","ping_status":"closed","template":"","meta":{"_mi_skip_tracking":false,"_exactmetrics_sitenote_active":false,"_exactmetrics_sitenote_note":"","_exactmetrics_sitenote_category":0,"_monsterinsights_sitenote_active":false,"_monsterinsights_sitenote_note":"","_monsterinsights_sitenote_category":0,"footnotes":""},"_links":{"self":[{"href":"https:\/\/gemsaluminyum.com\/index.php?rest_route=\/wp\/v2\/pages\/301"}],"collection":[{"href":"https:\/\/gemsaluminyum.com\/index.php?rest_route=\/wp\/v2\/pages"}],"about":[{"href":"https:\/\/gemsaluminyum.com\/index.php?rest_route=\/wp\/v2\/types\/page"}],"author":[{"embeddable":true,"href":"https:\/\/gemsaluminyum.com\/index.php?rest_route=\/wp\/v2\/users\/1"}],"replies":[{"embeddable":true,"href":"https:\/\/gemsaluminyum.com\/index.php?rest_route=%2Fwp%2Fv2%2Fcomments&post=301"}],"version-history":[{"count":3,"href":"https:\/\/gemsaluminyum.com\/index.php?rest_route=\/wp\/v2\/pages\/301\/revisions"}],"predecessor-version":[{"id":436,"href":"https:\/\/gemsaluminyum.com\/index.php?rest_route=\/wp\/v2\/pages\/301\/revisions\/436"}],"wp:attachment":[{"href":"https:\/\/gemsaluminyum.com\/index.php?rest_route=%2Fwp%2Fv2%2Fmedia&parent=301"}],"curies":[{"name":"wp","href":"https:\/\/api.w.org\/{rel}","templated":true}]}}